{"id":219,"date":"2021-07-11T00:40:39","date_gmt":"2021-07-11T05:40:39","guid":{"rendered":"https:\/\/elitecultural.com\/tienda\/?post_type=product&#038;p=219"},"modified":"2022-10-10T16:13:59","modified_gmt":"2022-10-10T21:13:59","slug":"felix-quispe-osorio-hoy-es-siempre-todavia","status":"publish","type":"product","link":"https:\/\/elitecultural.com\/tienda\/producto\/felix-quispe-osorio-hoy-es-siempre-todavia\/","title":{"rendered":"Hoy es siempre todav\u00eda"},"content":{"rendered":"<p>Hoy es siempre todav\u00eda es un poemario que busca describir a trav\u00e9s de figuras literarias los diversos momentos en los cuales usamos la palabra \u201csiempre\u201d. En cada poema descifra lo simple y complicado de esta palabra, disfrutando a\u00fan un siempre todav\u00eda.<\/p>\n","protected":false},"excerpt":{"rendered":"<p>Poemario de F\u00e9lix Quispe Osorio<\/p>\n","protected":false},"featured_media":218,"comment_status":"open","ping_status":"closed","template":"","meta":[],"product_brand":[],"product_cat":[45,42],"product_tag":[46,50,36,47,49],"class_list":{"0":"post-219","1":"product","2":"type-product","3":"status-publish","4":"has-post-thumbnail","6":"product_cat-felix-quispe-osorio","7":"product_cat-libros","8":"product_tag-felix-quispe-osorio","9":"product_tag-hoy-es-siempre-todavia","10":"product_tag-jauja","11":"product_tag-libro","12":"product_tag-literatura","14":"first","15":"outofstock","16":"shipping-taxable","17":"purchasable","18":"product-type-simple"},"_links":{"self":[{"href":"https:\/\/elitecultural.com\/tienda\/wp-json\/wp\/v2\/product\/219","targetHints":{"allow":["GET"]}}],"collection":[{"href":"https:\/\/elitecultural.com\/tienda\/wp-json\/wp\/v2\/product"}],"about":[{"href":"https:\/\/elitecultural.com\/tienda\/wp-json\/wp\/v2\/types\/product"}],"replies":[{"embeddable":true,"href":"https:\/\/elitecultural.com\/tienda\/wp-json\/wp\/v2\/comments?post=219"}],"wp:featuredmedia":[{"embeddable":true,"href":"https:\/\/elitecultural.com\/tienda\/wp-json\/wp\/v2\/media\/218"}],"wp:attachment":[{"href":"https:\/\/elitecultural.com\/tienda\/wp-json\/wp\/v2\/media?parent=219"}],"wp:term":[{"taxonomy":"product_brand","embeddable":true,"href":"https:\/\/elitecultural.com\/tienda\/wp-json\/wp\/v2\/product_brand?post=219"},{"taxonomy":"product_cat","embeddable":true,"href":"https:\/\/elitecultural.com\/tienda\/wp-json\/wp\/v2\/product_cat?post=219"},{"taxonomy":"product_tag","embeddable":true,"href":"https:\/\/elitecultural.com\/tienda\/wp-json\/wp\/v2\/product_tag?post=219"}],"curies":[{"name":"wp","href":"https:\/\/api.w.org\/{rel}","templated":true}]}}