{"id":49,"date":"2020-06-22T11:01:12","date_gmt":"2020-06-22T16:01:12","guid":{"rendered":"https:\/\/elitecultural.com\/prueba\/?page_id=49"},"modified":"2021-07-31T12:22:19","modified_gmt":"2021-07-31T17:22:19","slug":"finalizar-compra-backup","status":"publish","type":"page","link":"https:\/\/elitecultural.com\/tienda\/finalizar-compra-backup\/","title":{"rendered":"Finalizar compra-backup"},"content":{"rendered":"<p><img decoding=\"async\" width=\"350\" height=\"100\" src=\"https:\/\/elitecultural.com\/wp-content\/uploads\/sites\/2\/2021\/07\/Metodos-de-pago-AECP.png\" alt=\"\" loading=\"lazy\" srcset=\"https:\/\/elitecultural.com\/wp-content\/uploads\/sites\/2\/2021\/07\/Metodos-de-pago-AECP.png 350w, https:\/\/elitecultural.com\/wp-content\/uploads\/sites\/2\/2021\/07\/Metodos-de-pago-AECP-300x86.png 300w, https:\/\/elitecultural.com\/wp-content\/uploads\/sites\/2\/2021\/07\/Metodos-de-pago-AECP-64x18.png 64w\" sizes=\"auto, (max-width: 350px) 100vw, 350px\" \/>\t\t\t\t\t\t\t\t\t\t\t\t\t\t<\/p>\n<h3>M\u00c9TODOS DE PAGO<\/h3>\n<p>\t\t\t\t\t\t\t\t\t\t\t\t<img decoding=\"async\" width=\"666\" height=\"156\" src=\"https:\/\/elitecultural.com\/wp-content\/uploads\/sites\/2\/2021\/07\/formas_pago.png\" alt=\"\" loading=\"lazy\" srcset=\"https:\/\/elitecultural.com\/wp-content\/uploads\/sites\/2\/2021\/07\/formas_pago.png 666w, https:\/\/elitecultural.com\/wp-content\/uploads\/sites\/2\/2021\/07\/formas_pago-300x70.png 300w, https:\/\/elitecultural.com\/wp-content\/uploads\/sites\/2\/2021\/07\/formas_pago-600x141.png 600w, https:\/\/elitecultural.com\/wp-content\/uploads\/sites\/2\/2021\/07\/formas_pago-64x15.png 64w\" sizes=\"auto, (max-width: 666px) 100vw, 666px\" \/>\t\t\t\t\t\t\t\t\t\t\t\t\t\t<\/p>\n<p>Pago totalmente seguro, r\u00e1pido y directo. Recibir\u00e1s el resumen de tu compra en tu correo<\/p>\n<p>\t\t\t\t\t\t\t\t\t\t\t\t<img decoding=\"async\" src=\"https:\/\/elitecultural.com\/wp-content\/uploads\/sites\/2\/elementor\/thumbs\/Libre-de-Riesgo-Elite-Cultural-Peru-pauan63jdym1vphk2r412la9ix3q6qt8bjr7nwrvmw.png\" title=\"Libre de Riesgo \u00c9lite Cultural Per\u00fa\" alt=\"Libre de Riesgo \u00c9lite Cultural Per\u00fa\" \/><br \/>\n\t\t<div class=\"woocommerce\"><\/div><\/p>\n","protected":false},"excerpt":{"rendered":"<p>M\u00c9TODOS DE PAGO Pago totalmente seguro, r\u00e1pido y directo. Recibir\u00e1s el resumen de tu compra en tu correo<\/p>\n","protected":false},"author":1,"featured_media":0,"parent":0,"menu_order":0,"comment_status":"closed","ping_status":"closed","template":"elementor_header_footer","meta":{"footnotes":""},"class_list":["post-49","page","type-page","status-publish","hentry"],"_links":{"self":[{"href":"https:\/\/elitecultural.com\/tienda\/wp-json\/wp\/v2\/pages\/49","targetHints":{"allow":["GET"]}}],"collection":[{"href":"https:\/\/elitecultural.com\/tienda\/wp-json\/wp\/v2\/pages"}],"about":[{"href":"https:\/\/elitecultural.com\/tienda\/wp-json\/wp\/v2\/types\/page"}],"author":[{"embeddable":true,"href":"https:\/\/elitecultural.com\/tienda\/wp-json\/wp\/v2\/users\/1"}],"replies":[{"embeddable":true,"href":"https:\/\/elitecultural.com\/tienda\/wp-json\/wp\/v2\/comments?post=49"}],"version-history":[{"count":0,"href":"https:\/\/elitecultural.com\/tienda\/wp-json\/wp\/v2\/pages\/49\/revisions"}],"wp:attachment":[{"href":"https:\/\/elitecultural.com\/tienda\/wp-json\/wp\/v2\/media?parent=49"}],"curies":[{"name":"wp","href":"https:\/\/api.w.org\/{rel}","templated":true}]}}