{"id":387,"date":"2021-07-29T12:28:18","date_gmt":"2021-07-29T17:28:18","guid":{"rendered":"https:\/\/elitecultural.com\/tienda\/?page_id=387"},"modified":"2023-01-26T08:36:17","modified_gmt":"2023-01-26T13:36:17","slug":"terminos-y-condiciones","status":"publish","type":"page","link":"https:\/\/elitecultural.com\/tienda\/terminos-y-condiciones\/","title":{"rendered":"T\u00e9rminos y condiciones"},"content":{"rendered":"<h2>T\u00e9rminos y Condiciones<\/h2>\n<ul>\n<li>Los productos mostrados en esta web son elaborados por los diferentes artistas y productores afiliados a \u00c9lite Cultural Per\u00fa<\/li>\n<li>Los<strong> costos de env\u00edo son asumidos por el cliente<\/strong> al recoger el pedido (en la agencia correspondiente) y por lo general var\u00eda entre S\/5.00 y S\/15.00 en territorio peruano<\/li>\n<li>Los env\u00edos por lo general se realizan <strong>con la agencia Shalom<\/strong>. En caso dicha agencia no tenga cobertura en la zona de env\u00edo, uno de nuestros representantes se pondr\u00e1 en contacto con el cliente para coordinar el env\u00edo mediante Olva Courier u otro servicio<\/li>\n<li><strong>No existe devoluci\u00f3n ni reembolso<\/strong> por temas relacionados al env\u00edo del pedido. En todos los casos, el cliente debe asumir el costo del env\u00edo sea cual sea el medio de env\u00edo<\/li>\n<li>Los tiempos de env\u00edo son estimados y est\u00e1n condicionados al stock y\/o a los tiempos de elaboraci\u00f3n de los productos, sin embargo, suele ser <strong>menor a 4 d\u00edas despu\u00e9s de realizada la compra<\/strong>.<\/li>\n<li>Si adquiere diferentes productos en una sola compra es posible que los productos puedan llegar en diferentes momentos, puesto que cada vendedor es responsable del despacho de sus productos<\/li>\n<li>Puede realizar los reclamos a \u00c9lite Cultural por alg\u00fan desperfecto o por la demora en el env\u00edo de los productos y \u00c9lite Cultural se comunicar\u00e1 con el vendedor. Para ello deber\u00e1 comunicarse al correo: ventas@elitecultural.com<\/li>\n<li>La transacci\u00f3n es 100% segura<\/li>\n<li>No conservamos los datos de tu tarjeta de d\u00e9bito o cr\u00e9dito<\/li>\n<li>Tus datos personales ingresados para finalizar la compra se utilizar\u00e1n para procesar tu pedido, mejorar tu experiencia en esta web y otros prop\u00f3sitos descritos en nuestra\u00a0<a href=\"https:\/\/elitecultural.com\/tienda\/politica-de-privacidad\" target=\"_blank\" rel=\"noopener\">Pol\u00edtica de Privacidad<\/a>.\u00a0<\/li>\n<\/ul>\n","protected":false},"excerpt":{"rendered":"<p>T\u00e9rminos y Condiciones Los productos mostrados en esta web son elaborados por los diferentes artistas y productores afiliados a \u00c9lite Cultural Per\u00fa Los costos de env\u00edo son asumidos por el cliente al recoger el pedido (en la agencia correspondiente) y por lo general var\u00eda entre S\/5.00 y S\/15.00 en territorio peruano Los env\u00edos por lo [&hellip;]<\/p>\n","protected":false},"author":1,"featured_media":0,"parent":0,"menu_order":0,"comment_status":"closed","ping_status":"closed","template":"","meta":{"footnotes":""},"class_list":["post-387","page","type-page","status-publish","hentry"],"_links":{"self":[{"href":"https:\/\/elitecultural.com\/tienda\/wp-json\/wp\/v2\/pages\/387","targetHints":{"allow":["GET"]}}],"collection":[{"href":"https:\/\/elitecultural.com\/tienda\/wp-json\/wp\/v2\/pages"}],"about":[{"href":"https:\/\/elitecultural.com\/tienda\/wp-json\/wp\/v2\/types\/page"}],"author":[{"embeddable":true,"href":"https:\/\/elitecultural.com\/tienda\/wp-json\/wp\/v2\/users\/1"}],"replies":[{"embeddable":true,"href":"https:\/\/elitecultural.com\/tienda\/wp-json\/wp\/v2\/comments?post=387"}],"version-history":[{"count":5,"href":"https:\/\/elitecultural.com\/tienda\/wp-json\/wp\/v2\/pages\/387\/revisions"}],"predecessor-version":[{"id":2291,"href":"https:\/\/elitecultural.com\/tienda\/wp-json\/wp\/v2\/pages\/387\/revisions\/2291"}],"wp:attachment":[{"href":"https:\/\/elitecultural.com\/tienda\/wp-json\/wp\/v2\/media?parent=387"}],"curies":[{"name":"wp","href":"https:\/\/api.w.org\/{rel}","templated":true}]}}